20 - t**5/20 - 7*t**4/24 + 5*t**3/6 + t**2 + 80. Calculate c(4).
-7
Suppose 0 = -6*z - 40*h + 45*h + 29, -15 = -3*h. Let m(d) = d**3 - 11*d**2 + 22*d - 1. Determine m(z).
35
Let f(m) = 4*m - 6*m**2 - 6*m + 2263*m**3 - m - 2264*m**3 - 9. Let x(z) = z**2 + z + 2. Let t(i) = f(i) + 2*x(i). Give t(-4).
-1
Let y(v) = -v. Let b be y(-2). Let m(c) = 1 - 2*c**2 + 0*c**b + c**3 - 3*c**2. Let l be (1/3 + (1 - 1))*15. What is m(l)?
1
Let y be ((-165)/22)/(-1 - (-102)/104). Let k = 394 - y. Let o(l) = 2*l + 1. What is o(k)?
9
Suppose o + 12*a - 2 = 9*a, 5*o - 5*a - 30 = 0. Let n(v) = -8*v + 12. Calculate n(o).
-28
Let n(r) = 10*r + 36. Suppose -25 = 290*v - 285*v. Calculate n(v).
-14
Let i be (-477)/(19 - 10)*(-6)/(-2). Let h = i + 156. Let c(u) = -5*u + 4. Let y(j) = 6*j - 4. Let g(f) = 5*c(f) + 4*y(f). Calculate g(h).
7
Let y(j) = j**3 - 18*j**2 - 37*j - 65. Let r be y(20). Let l(t) = -t**2 + t + 1. Let q(z) = 6*z**2 - 3*z. Let p(k) = r*l(k) - q(k). Determine p(-5).
-20
Let x(a) = a**3 + 3*a**2 + 2*a - 3. Suppose 2*j - 3*j + 422 = -2*i, 0 = -3*j - 5*i + 1266. Let v = -425 + j. Calculate x(v).
-9
Let z = -5806 + 5811. Let c(o) be the third derivative of 1/2*o**3 + 1/20*o**z + 0 - 4*o**2 - 1/60*o**6 - 1/24*o**4 + 0*o. Give c(3).
-27
Suppose -24*s + 294 = -73*s. Let h(i) = 11*i + 7. Calculate h(s).
-59
Let o(g) = 4 + 2 - 3 - 4 - 9*g. Suppose -3*u + 4*q + 41 = -33, -u - 3*q + 16 = 0. Suppose u*d = 12*d - 10. Give o(d).
8
Let z(o) = 4*o**3 + 14*o**2 - 18*o + 20. Let l(a) = 3*a**3 + 9*a**2 - 12*a + 14. Suppose 3*j + 1 + 20 = 0. Let n(t) = j*l(t) + 5*z(t). What is n(5)?
22
Let o(s) = 2*s**2 - 4*s - 9. Let w = 101 - 118. Let l = -13 - w. Let f be o(l). Let a(q) = -q**2 + 5*q + 6. What is a(f)?
-8
Suppose 2*t - 4*x + 24 = 0, -2*t + x + 0*x = 9. Let h(a) = 2*a - 24746 + 2*a**2 - 24754 + 0*a**3 - a**3 + 49502. Give h(t).
14
Let s(z) = z**2 - 10*z - 10. Let y = -7589 + 7589. Calculate s(y).
-10
Let b(t) be the second derivative of -3/2*t**3 - 83 + 1/6*t**4 - 1/2*t**2 - t. Calculate b(4).
-5
Let a(u) = -u**2 - 4*u + 3. Suppose -7*t - 2947 = -2*t - 2*g, 0 = -4*t + 5*g - 2344. Let c = -597 - t. Determine a(c).
-9
Let d(c) be the second derivative of 2*c**3/3 - 3*c**2/2 + 169*c + 2. Suppose 0 = -37*z + 4*z + 66. Calculate d(z).
5
Let a(f) = -2*f**3 - 19*f**2 + 46*f + 2. Let l be a(2). Let g(b) = -6*b**3 + 4*b - 5. Calculate g(l).
-45
Let k(q) = 4 + 7 + 48*q + q**2 - 45*q + 7. What is k(0)?
18
Suppose 5*w = 5, 4*w - 2 + 1 = -t. Suppose 8 = u + 3*l - 2, 26 = 5*u + 3*l. Let i(a) = 3*a**2 - 3*a**2 - u + a**2. What is i(t)?
5
Let p(g) = -g**2 - 7*g - 5. Let k be 4/44*11 - 4. Calculate p(k).
7
Let w(u) = -2*u**3 - 21*u**2 + 35*u - 15. Suppose 143*s - 74 = -1790. Calculate w(s).
-3
Let q(k) = 6*k - 4. Suppose -5*u = o - 16, o + 1116*u = 1121*u - 14. Calculate q(o).
2
Let w(k) = -3*k + 76. Let g(x) = -2*x + 29. Let o(m) = -5*g(m) + 2*w(m). Suppose -3*s = 56 - 8. Let n = 11 + s. Give o(n).
-13
Let r(k) = k**3 - 12*k**2 + 9*k - 16. Suppose -4*f - 6 + 58 = -4*i, 2*f - 3*i = 28. Give r(f).
-38
Let l = 101 + -56. Let q(n) = -10*n + 4 - l*n**2 + 44*n**2 - n - 12. What is q(-11)?
-8
Suppose 0 = 10*j - 13*j + 54. Suppose -21*p + j*p = -6. Let a be (-8 + 7)/(p + 11/(-5)). Let b(w) = -w**2 + 2*w + 3. Determine b(a).
-12
Let u(q) = 0*q - q**3 - 2*q**2 - q**2 + 2*q + 117 - 112. Let c(g) = -3*g - 3*g + 4*g + 16. Let l be c(10). Give u(l).
13
Let f(a) be the first derivative of -a**5/120 + 11*a**4/24 + 7*a**3/3 + 79. Let d(u) be the third derivative of f(u). Determine d(9).
2
Let s be 8/18*9*(-2 + 3). Suppose -h - 11 = 5*l, -11 + 39 = -4*h - s*l. Let v(x) = 4 + 5*x - 3*x - 3. What is v(h)?
-11
Suppose -11*z - 253 - 65 = -32. Let i(p) = -p**2 - 29*p - 56. What is i(z)?
22
Suppose -d + 18 = -3*s - 2*s, 3*d = -5*s - 26. Let n(t) = 2*t - 10. What is n(s)?
-18
Let m(f) = -f**3 - 9*f**2 + 2*f - 11. Let b(q) = q**3 + 10*q**2 - 2*q + 12. Let h(k) = -4*b(k) - 5*m(k). Let j be (-30)/5 - (-4 + 4). What is h(j)?
-17
Let t(m) = m**3 + 5*m**2 + 3*m + 2. Let x be ((-14)/10 + 1)/(1/(-5)). Let c(l) = 2 + 11*l - l**3 - 16 - 12 + 11*l - 22*l**x. Let r be c(-23). Determine t(r).
11
Let l be (28 - (-4579)/(-209)) + 2/(-22). Let o(v) = -v**3 + 9*v**2 - 17*v + 2. Calculate o(l).
8
Let g(t) be the second derivative of -9*t**3/2 - 21*t**2/2 + 50*t + 26. Calculate g(-2).
33
Let g(a) = 5*a - 15. Let q(p) = -9*p + 31. Let c(b) = 5*g(b) + 3*q(b). Let w = -6863 - -6875. What is c(w)?
-6
Let f(j) = -3*j - 6. Let b(h) = 3*h + 8. Let o(p) = -3*b(p) - 4*f(p). Let q(m) = -3*m + 22. Let l = 35 + -26. Let n be q(l). What is o(n)?
-15
Let s(u) = 3*u + 4 + 0 - 6*u - 2. Suppose 6 = -2*w, 0*w - 13 = c + 5*w. Suppose 5*f - 15 = 5*p, -f + 1 = c*p + 13. What is s(p)?
17
Let j = -774 + 768. Let o = -1 - -4. Let c(v) = 4 + o + v - 4. Calculate c(j).
-3
Let h(u) = u**2 + 2*u. Let q = 57 - 53. Suppose 3*n - q*n = 2. What is h(n)?
0
Suppose -i = -360 + 356. Let a(w) = 4*w**2 - 11*w - 8. Let b be a(i). Let t(q) = -q**2 + 12*q - 13. Calculate t(b).
-13
Let f be (-13)/(-130) - 183*3/90. Let r be (5 + -8)*4/(-6). Let h(a) = -r*a + 4*a - a + 8. Calculate h(f).
2
Let u = 114 + -110. Suppose z = b - 2, 4*z - b + 8 = u*b. Let o(x) = -4*x + 2. Let p(i) = 9*i - 4. Let w(g) = -5*o(g) - 2*p(g). Give w(z).
-6
Let x(q) = -322 + 3*q**2 + 329 - 7*q**2 - 5*q + 3*q**2. Give x(-4).
11
Let n(p) = 1 + 6*p + 36 + 2. Let v be n(-8). Let k(j) = 3*j + 6. Calculate k(v).
-21
Let v = 582 - 539. Let p(q) = -16*q - 2 + v*q - 17*q - 11*q. Calculate p(-8).
6
Suppose 3*s + 27*t - 16 = 25*t, 0 = -3*s - 5*t + 22. Let q(b) = -18*b**3 + 5*b**3 + 3 - 4*b + s*b**2 + 2*b**3 + 10*b**3. What is q(2)?
3
Let j(c) = c**2 + 8. Suppose -5*t + 14 = 4*g, -6*g + g = -3*t + 1. Suppose 0 = -t*n - 5*n + 952. Suppose 0 = 141*w - n*w. Give j(w).
8
Let n(j) be the first derivative of -j**4/4 - 3*j**3 - 2*j**2 + 2*j + 334. What is n(-8)?
-30
Suppose -2140*h + 2290*h + 1309 = -341. Let z(b) = 3*b - b**2 + 2 - 4*b - 11*b. Give z(h).
13
Let p(f) = f**2 + 3*f - 5. Let k(h) = 13*h - 52. Suppose 6*q - 5*n - 49 = 10*q, 2*n = 3*q + 8. Let l be k(q). Let o = l + 126. Calculate p(o).
-1
Let b(c) = -c**3 - 9*c**2 - c - 3. Let t(y) = 2*y**3 + 19*y**2 + 3*y + 5. Let i(f) = 9*b(f) + 4*t(f). Let q = -508 + 502. What is i(q)?
11
Let j(g) = -4*g**3 + 22*g**2 - 10*g - 6. Suppose o = -4*a + 3*o + 6, 7 = o. Give j(a).
-6
Let b(c) = c**2 + 7*c - 3. Suppose 181*d - 177*d = 104. Let a be (-5 + 2)/(13/d). Determine b(a).
-9
Let q(v) be the first derivative of v**5/40 + v**4/24 - 11*v**3/3 - 7. Let r(p) be the third derivative of q(p). Let t be -13 + 14 - 8/4. Calculate r(t).
-2
Let s(b) = 9 + 9*b**2 - 22*b - b**3 - 14*b**2 + 28*b. Let a(y) be the second derivative of y**4/12 - 4*y**3/3 + 3*y**2 + 3*y. Let o be a(6). What is s(o)?
9
Let v(s) = s**3 - 47*s**2 + 46*s + 3. Suppose 31*i - 1398 = 44 - 16. Determine v(i).
3
Let q(d) = -d**2 + 4*d - 1. Let t = 25 - 20. Suppose -2*b = -3*b - t. Let m(p) = -p**3 - 5*p**2 + p + 8. Let k be m(b). Determine q(k).
2
Let z(x) = -x**2 + 6*x - 14. Let t be ((-45)/(-6))/(177/118). Give z(t).
-9
Let x(g) be the second derivative of -g**4/12 - g**3/2 + 3*g**2 + 6*g - 215. Let a be (-3)/1 - (-2 + 3). What is x(a)?
2
Let u(m) = m**2 - 2*m + 8. Suppose -338 - 118 = -19*x. Suppose 2*t = -2*i + 6*i - x, 0 = -t. Calculate u(i).
32
Let b(o) be the first derivative of o**7/840 + o**6/45 + o**5/24 + o**4/24 + 57*o**3 - 195. Let z(i) be the third derivative of b(i). Give z(-7).
15
Let s(g) = -3*g - 2. Let b(p) = -10*p - 7. Let h(r) = -2*b(r) + 7*s(r). Let a = 19 + -12. Let x = a + -5. Calculate h(x).
-2
Let b(m) = -529*m**2 - 11 - 17*m + 1036*m**2 + m**3 - 523*m**2. Determine b(17).
-11
Let z(d) = -52*d**2 - 35*d - 56. Let y(m) = 37*m**2 + 24*m + 38. Let r(w) = -7*y(w) - 5*z(w). What is r(-5)?
4
Let b(o) = 2. Let i(l) = -17*l - 6. Let c(p) = -3*b(p) - i(p). Let y(t) = 53*t. Let u(m) = 7*c(m) - 2*y(m). Give u(-1).
-13
Let i(f) = 4815 + 9*f - f**2 - 9603 + 4803. Give i(-4).
-37
Let k be (-2 - -3)*(-8)/(-96). Let n(t) be the second derivative of 0 + 2/3*t**3 - 18*t + 1/2*t**2 + k*t**4. Determine n(-7).
22
Let i(d) = -4*d**2 + 9*d - 5223 + 16*d**3 + 25*d**2 + 5227. Let v(c) = -7*c**3 - 10*c**2 - 4*c - 2. Let a(h) = 4*i(h) + 9*v(h). Give a(7).
47
Let f(j) = -j - 4. Let p = 97 - 97. Suppose -10 = 